{"id":99,"date":"2024-09-12T23:49:55","date_gmt":"2024-09-12T23:49:55","guid":{"rendered":"https:\/\/logn.is\/?page_id=99"},"modified":"2024-09-12T23:49:55","modified_gmt":"2024-09-12T23:49:55","slug":"gagnagreining","status":"publish","type":"page","link":"https:\/\/logn.is\/index.php\/gagnagreining\/","title":{"rendered":"Gagnagreining"},"content":{"rendered":"\n<ul class=\"wp-block-list\">\n<li><strong>T\u00f6lfr\u00e6\u00f0igreining<\/strong>: Beita t\u00f6lfr\u00e6\u00f0ilegum a\u00f0fer\u00f0um til a\u00f0 greina g\u00f6gn, hvort sem um er a\u00f0 r\u00e6\u00f0a l\u00fdsandi t\u00f6lfr\u00e6\u00f0i e\u00f0a fl\u00f3knari t\u00f6lfr\u00e6\u00f0il\u00edk\u00f6n.<\/li>\n\n\n\n<li><strong>Greining \u00e1 st\u00f3rum gagnas\u00f6fnum<\/strong>: Notkun \u00e1 R e\u00f0a \u00f6\u00f0rum verkf\u00e6rum til a\u00f0 greina st\u00f3r gagnas\u00f6fn me\u00f0 \u00e1lagsst\u00fdr\u00f0um og h\u00e1magnsgreiningum.<\/li>\n\n\n\n<li><strong>Sj\u00f3nr\u00e6n framsetning<\/strong>: A\u00f0 vinna me\u00f0 g\u00f6gn til a\u00f0 b\u00faa til sk\u00fdrar og sj\u00f3nr\u00e6nt skiljanlegar myndir, t.d. gr\u00f6f, l\u00ednurit, og \u00f6nnur sj\u00f3nr\u00e6n greiningart\u00f3l.<\/li>\n\n\n\n<li>N\u00fdta gervigreind vi\u00f0 greiningu.<\/li>\n<\/ul>\n\n\n\n<p><\/p>\n","protected":false},"excerpt":{"rendered":"","protected":false},"author":1,"featured_media":0,"parent":0,"menu_order":0,"comment_status":"closed","ping_status":"closed","template":"","meta":{"footnotes":""},"class_list":["post-99","page","type-page","status-publish","hentry"],"_links":{"self":[{"href":"https:\/\/logn.is\/index.php\/wp-json\/wp\/v2\/pages\/99","targetHints":{"allow":["GET"]}}],"collection":[{"href":"https:\/\/logn.is\/index.php\/wp-json\/wp\/v2\/pages"}],"about":[{"href":"https:\/\/logn.is\/index.php\/wp-json\/wp\/v2\/types\/page"}],"author":[{"embeddable":true,"href":"https:\/\/logn.is\/index.php\/wp-json\/wp\/v2\/users\/1"}],"replies":[{"embeddable":true,"href":"https:\/\/logn.is\/index.php\/wp-json\/wp\/v2\/comments?post=99"}],"version-history":[{"count":1,"href":"https:\/\/logn.is\/index.php\/wp-json\/wp\/v2\/pages\/99\/revisions"}],"predecessor-version":[{"id":101,"href":"https:\/\/logn.is\/index.php\/wp-json\/wp\/v2\/pages\/99\/revisions\/101"}],"wp:attachment":[{"href":"https:\/\/logn.is\/index.php\/wp-json\/wp\/v2\/media?parent=99"}],"curies":[{"name":"wp","href":"https:\/\/api.w.org\/{rel}","templated":true}]}}